{"id":435,"date":"2018-06-02T13:41:58","date_gmt":"2018-06-02T11:41:58","guid":{"rendered":"http:\/\/ag-theater.de\/?page_id=435"},"modified":"2022-01-27T17:10:28","modified_gmt":"2022-01-27T15:10:28","slug":"2017-harry-und-die-zauberschule","status":"publish","type":"page","link":"http:\/\/ag-theater.de\/?page_id=435","title":{"rendered":"2017 Harry und die Zauberschule"},"content":{"rendered":"<p>Das sagen andere zu Harry und die Zauberschule:<\/p>\n<p>Bei der Er\u00f6ffnung [der N\u00fcrnberger Kulturtage] war neben einer Zirkusshow und einem Musikbeitrag das St\u00fcck \u201eHarry und die Zauberschule\u201c der Grundschule Katzwang zu sehen: Witzig, szenisch pointiert und mit gewohnter Gestaltungskraft!<br \/><em>Geschrieben von Michaela Str\u00f6bel-Langer im PAKS-Brief Ausgabe 22 September 2017<\/em><\/p>\n<p>N\u00fcrnberger Kulturtag: Fr\u00fch \u00fcbt sich,\u2026<br \/>Lange mussten unsere Theaterkinder bei der Auftaktveranstaltung zu den N\u00fcrnberger Kulturtagen warten, bis sie endlich drankamen. Dann aber nach dem Motto \u201eDas Beste kommt zuletzt\u201c. Alle legten einen fulminanten Auftritt hin, beherrschten ihre umfangreichen Rollen bis ins kleinste Detail und setzten die Anweisungen sowie die Choregrafie ihres Regisseurs Herrn Berdich profim\u00e4\u00dfig um. Da war ihnen nicht nur der begeisterte Beifall der answesenden Eltern, Lehrkr\u00e4ften und Schulleitung sicher, sondern auch der aller anderen Zuschauer. Auch nach der Vorstellung wurde von vielen Seiten mit Lob f\u00fcr die Katzwanger Truppe und ihren Leiter nicht gespart. Da hat sich das intensive Auswendiglernen wirklich gelohnt und alle freuen sich schon auf die Darbietung in der Schule vor Mitsch\u00fclern und Eltern.<br \/><em>Geschrieben von Dagmar Leitmeier im Jahresbericht der Grund- und Mittelschule Katzwang Ausgabe 13 Schuljahr 2016\/2017<\/em><\/p>\n<p><a href=\"http:\/\/ag-theater.de\/wp-content\/uploads\/2017\/07\/IMG_7204-e1499886846128.jpg\"><img loading=\"lazy\" decoding=\"async\" class=\"aligncenter wp-image-405\" src=\"http:\/\/ag-theater.de\/wp-content\/uploads\/2017\/07\/IMG_7204-e1499886846128-225x300.jpg\" alt=\"\" width=\"205\" height=\"273\" srcset=\"http:\/\/ag-theater.de\/wp-content\/uploads\/2017\/07\/IMG_7204-e1499886846128-225x300.jpg 225w, http:\/\/ag-theater.de\/wp-content\/uploads\/2017\/07\/IMG_7204-e1499886846128-768x1024.jpg 768w\" sizes=\"auto, (max-width: 205px) 100vw, 205px\" \/><\/a><a href=\"http:\/\/ag-theater.de\/wp-content\/uploads\/2017\/07\/IMG_7255.jpg\"><img loading=\"lazy\" decoding=\"async\" class=\"aligncenter wp-image-407\" src=\"http:\/\/ag-theater.de\/wp-content\/uploads\/2017\/07\/IMG_7255-1024x768.jpg\" alt=\"\" width=\"243\" height=\"182\" srcset=\"http:\/\/ag-theater.de\/wp-content\/uploads\/2017\/07\/IMG_7255-1024x768.jpg 1024w, http:\/\/ag-theater.de\/wp-content\/uploads\/2017\/07\/IMG_7255-300x225.jpg 300w, http:\/\/ag-theater.de\/wp-content\/uploads\/2017\/07\/IMG_7255-768x576.jpg 768w\" sizes=\"auto, (max-width: 243px) 100vw, 243px\" \/><\/a> <a href=\"http:\/\/ag-theater.de\/wp-content\/uploads\/2017\/07\/IMG_7270.jpg\"><img loading=\"lazy\" decoding=\"async\" class=\"aligncenter wp-image-408 \" src=\"http:\/\/ag-theater.de\/wp-content\/uploads\/2017\/07\/IMG_7270-e1499886893583-768x1024.jpg\" alt=\"\" width=\"189\" height=\"252\" srcset=\"http:\/\/ag-theater.de\/wp-content\/uploads\/2017\/07\/IMG_7270-e1499886893583-768x1024.jpg 768w, http:\/\/ag-theater.de\/wp-content\/uploads\/2017\/07\/IMG_7270-e1499886893583-225x300.jpg 225w\" sizes=\"auto, (max-width: 189px) 100vw, 189px\" \/><\/a> <a href=\"http:\/\/ag-theater.de\/wp-content\/uploads\/2017\/07\/IMG_7283.jpg\"><img loading=\"lazy\" decoding=\"async\" class=\"aligncenter wp-image-409\" src=\"http:\/\/ag-theater.de\/wp-content\/uploads\/2017\/07\/IMG_7283-1024x768.jpg\" alt=\"\" width=\"238\" height=\"179\" srcset=\"http:\/\/ag-theater.de\/wp-content\/uploads\/2017\/07\/IMG_7283-1024x768.jpg 1024w, http:\/\/ag-theater.de\/wp-content\/uploads\/2017\/07\/IMG_7283-300x225.jpg 300w, http:\/\/ag-theater.de\/wp-content\/uploads\/2017\/07\/IMG_7283-768x576.jpg 768w\" sizes=\"auto, (max-width: 238px) 100vw, 238px\" \/><\/a><a href=\"http:\/\/ag-theater.de\/wp-content\/uploads\/2017\/07\/20170527_122947.jpg\"><img loading=\"lazy\" decoding=\"async\" class=\"aligncenter wp-image-404\" src=\"http:\/\/ag-theater.de\/wp-content\/uploads\/2017\/07\/20170527_122947-300x169.jpg\" alt=\"\" width=\"232\" height=\"131\" srcset=\"http:\/\/ag-theater.de\/wp-content\/uploads\/2017\/07\/20170527_122947-300x169.jpg 300w, http:\/\/ag-theater.de\/wp-content\/uploads\/2017\/07\/20170527_122947-768x432.jpg 768w, http:\/\/ag-theater.de\/wp-content\/uploads\/2017\/07\/20170527_122947-1024x576.jpg 1024w\" sizes=\"auto, (max-width: 232px) 100vw, 232px\" \/><\/a> <a href=\"http:\/\/ag-theater.de\/wp-content\/uploads\/2017\/07\/IMG_7305.jpg\"><img loading=\"lazy\" decoding=\"async\" class=\"aligncenter wp-image-410\" src=\"http:\/\/ag-theater.de\/wp-content\/uploads\/2017\/07\/IMG_7305-1024x768.jpg\" alt=\"\" width=\"237\" height=\"178\" srcset=\"http:\/\/ag-theater.de\/wp-content\/uploads\/2017\/07\/IMG_7305-1024x768.jpg 1024w, http:\/\/ag-theater.de\/wp-content\/uploads\/2017\/07\/IMG_7305-300x225.jpg 300w, http:\/\/ag-theater.de\/wp-content\/uploads\/2017\/07\/IMG_7305-768x576.jpg 768w\" sizes=\"auto, (max-width: 237px) 100vw, 237px\" \/><\/a> <a href=\"http:\/\/ag-theater.de\/wp-content\/uploads\/2017\/07\/IMG_7309.jpg\"><img loading=\"lazy\" decoding=\"async\" class=\"aligncenter wp-image-411\" src=\"http:\/\/ag-theater.de\/wp-content\/uploads\/2017\/07\/IMG_7309-1024x768.jpg\" alt=\"\" width=\"239\" height=\"179\" srcset=\"http:\/\/ag-theater.de\/wp-content\/uploads\/2017\/07\/IMG_7309-1024x768.jpg 1024w, http:\/\/ag-theater.de\/wp-content\/uploads\/2017\/07\/IMG_7309-300x225.jpg 300w, http:\/\/ag-theater.de\/wp-content\/uploads\/2017\/07\/IMG_7309-768x576.jpg 768w\" sizes=\"auto, (max-width: 239px) 100vw, 239px\" \/><\/a> <a href=\"http:\/\/ag-theater.de\/wp-content\/uploads\/2017\/07\/IMG_7311.jpg\"><img loading=\"lazy\" decoding=\"async\" class=\"aligncenter wp-image-412\" src=\"http:\/\/ag-theater.de\/wp-content\/uploads\/2017\/07\/IMG_7311-1024x768.jpg\" alt=\"\" width=\"247\" height=\"185\" srcset=\"http:\/\/ag-theater.de\/wp-content\/uploads\/2017\/07\/IMG_7311-1024x768.jpg 1024w, http:\/\/ag-theater.de\/wp-content\/uploads\/2017\/07\/IMG_7311-300x225.jpg 300w, http:\/\/ag-theater.de\/wp-content\/uploads\/2017\/07\/IMG_7311-768x576.jpg 768w\" sizes=\"auto, (max-width: 247px) 100vw, 247px\" \/><\/a> <a href=\"http:\/\/ag-theater.de\/wp-content\/uploads\/2017\/07\/IMG_7324.jpg\"><img loading=\"lazy\" decoding=\"async\" class=\"aligncenter wp-image-413\" src=\"http:\/\/ag-theater.de\/wp-content\/uploads\/2017\/07\/IMG_7324-1024x768.jpg\" alt=\"\" width=\"248\" height=\"186\" srcset=\"http:\/\/ag-theater.de\/wp-content\/uploads\/2017\/07\/IMG_7324-1024x768.jpg 1024w, http:\/\/ag-theater.de\/wp-content\/uploads\/2017\/07\/IMG_7324-300x225.jpg 300w, http:\/\/ag-theater.de\/wp-content\/uploads\/2017\/07\/IMG_7324-768x576.jpg 768w\" sizes=\"auto, (max-width: 248px) 100vw, 248px\" \/><\/a> <a href=\"http:\/\/ag-theater.de\/wp-content\/uploads\/2017\/07\/IMG_7341.jpg\"><img loading=\"lazy\" decoding=\"async\" class=\"aligncenter wp-image-414\" src=\"http:\/\/ag-theater.de\/wp-content\/uploads\/2017\/07\/IMG_7341-1024x768.jpg\" alt=\"\" width=\"248\" height=\"186\" srcset=\"http:\/\/ag-theater.de\/wp-content\/uploads\/2017\/07\/IMG_7341-1024x768.jpg 1024w, http:\/\/ag-theater.de\/wp-content\/uploads\/2017\/07\/IMG_7341-300x225.jpg 300w, http:\/\/ag-theater.de\/wp-content\/uploads\/2017\/07\/IMG_7341-768x576.jpg 768w\" sizes=\"auto, (max-width: 248px) 100vw, 248px\" \/><\/a><\/p>\n\n\n<p>Fahrplan &#8211; so war der Weg zum St\u00fcck<br><br>Proben immer montags von 13.15 bis 14.45 Uhr [Grundlagenarbeit]<br>bis Weihnachten: St\u00fcckauswahl<br>Januar\/Februar: Ideensammlung, St\u00fcckplanung und Szenenentwicklungsproze\u00df<br>April\/Mai: erste Szenen werden einstudiert<br>Probenwochenende: 27.\/28.\/Mai [St\u00fcck wird zu 60-70Prozent fertig gestellt]<br>Probenwoche:<br>Mo 19. Juni: normale Probe<br>Di 20. Juni: Zusatzprobe<br>Mi 21. Juni: Zusatzprobe<br>[Technikbesprechung im Theater Mummpitz: Ende Juni] ohne Kinder<br>Intensivierungswoche:<br>Mo 26. Juni: normale Probe<br>Di 27. Juni: Zusatzprobe<br>Mi 28. Juni: Zusatzprobe<br>Generalproben: Do. 29.6. oder Fr. 30.6. oder Mo. 03.07.<br>N\u00fcrnberger Kulturtage von 02.07. bis 06.07. inklusive 1 oder 2 Auff\u00fchrungen<br>Katzwanger Kulturtag oder eine \u00e4hnliche Schulveranstaltung im Juli mit einer Auff\u00fchrung<br>[Stand:16.10.16, es kann noch zu \u00c4nderungen kommen]<\/p>\n","protected":false},"excerpt":{"rendered":"<p>Das sagen andere zu Harry und die Zauberschule: Bei der Er\u00f6ffnung [der N\u00fcrnberger Kulturtage] war neben einer Zirkusshow und einem Musikbeitrag das St\u00fcck \u201eHarry und die Zauberschule\u201c der Grundschule Katzwang zu sehen: Witzig, szenisch pointiert und mit gewohnter Gestaltungskraft!Geschrieben von Michaela Str\u00f6bel-Langer im PAKS-Brief Ausgabe 22 September 2017 N\u00fcrnberger Kulturtag: Fr\u00fch \u00fcbt sich,\u2026Lange mussten unsere [&hellip;]<\/p>\n","protected":false},"author":1,"featured_media":0,"parent":0,"menu_order":0,"comment_status":"closed","ping_status":"closed","template":"","meta":{"footnotes":""},"class_list":["post-435","page","type-page","status-publish","hentry","post-preview"],"_links":{"self":[{"href":"http:\/\/ag-theater.de\/index.php?rest_route=\/wp\/v2\/pages\/435","targetHints":{"allow":["GET"]}}],"collection":[{"href":"http:\/\/ag-theater.de\/index.php?rest_route=\/wp\/v2\/pages"}],"about":[{"href":"http:\/\/ag-theater.de\/index.php?rest_route=\/wp\/v2\/types\/page"}],"author":[{"embeddable":true,"href":"http:\/\/ag-theater.de\/index.php?rest_route=\/wp\/v2\/users\/1"}],"replies":[{"embeddable":true,"href":"http:\/\/ag-theater.de\/index.php?rest_route=%2Fwp%2Fv2%2Fcomments&post=435"}],"version-history":[{"count":4,"href":"http:\/\/ag-theater.de\/index.php?rest_route=\/wp\/v2\/pages\/435\/revisions"}],"predecessor-version":[{"id":495,"href":"http:\/\/ag-theater.de\/index.php?rest_route=\/wp\/v2\/pages\/435\/revisions\/495"}],"wp:attachment":[{"href":"http:\/\/ag-theater.de\/index.php?rest_route=%2Fwp%2Fv2%2Fmedia&parent=435"}],"curies":[{"name":"wp","href":"https:\/\/api.w.org\/{rel}","templated":true}]}}

<p>Das sagen andere zu Harry und die Zauberschule:</p>
<p>Bei der Eröffnung [der Nürnberger Kulturtage] war neben einer Zirkusshow und einem Musikbeitrag das Stück „Harry und die Zauberschule“ der Grundschule Katzwang zu sehen: Witzig, szenisch pointiert und mit gewohnter Gestaltungskraft!<br /><em>Geschrieben von Michaela Ströbel-Langer im PAKS-Brief Ausgabe 22 September 2017</em></p>
<p>Nürnberger Kulturtag: Früh übt sich,…<br />Lange mussten unsere Theaterkinder bei der Auftaktveranstaltung zu den Nürnberger Kulturtagen warten, bis sie endlich drankamen. Dann aber nach dem Motto „Das Beste kommt zuletzt“. Alle legten einen fulminanten Auftritt hin, beherrschten ihre umfangreichen Rollen bis ins kleinste Detail und setzten die Anweisungen sowie die Choregrafie ihres Regisseurs Herrn Berdich profimäßig um. Da war ihnen nicht nur der begeisterte Beifall der answesenden Eltern, Lehrkräften und Schulleitung sicher, sondern auch der aller anderen Zuschauer. Auch nach der Vorstellung wurde von vielen Seiten mit Lob für die Katzwanger Truppe und ihren Leiter nicht gespart. Da hat sich das intensive Auswendiglernen wirklich gelohnt und alle freuen sich schon auf die Darbietung in der Schule vor Mitschülern und Eltern.<br /><em>Geschrieben von Dagmar Leitmeier im Jahresbericht der Grund- und Mittelschule Katzwang Ausgabe 13 Schuljahr 2016/2017</em></p>
<p><a href="http://ag-theater.de/wp-content/uploads/2017/07/IMG_7204-e1499886846128.jpg"><img loading="lazy" decoding="async" class="aligncenter wp-image-405" src="http://ag-theater.de/wp-content/uploads/2017/07/IMG_7204-e1499886846128-225x300.jpg" alt="" width="205" height="273" srcset="http://ag-theater.de/wp-content/uploads/2017/07/IMG_7204-e1499886846128-225x300.jpg 225w, http://ag-theater.de/wp-content/uploads/2017/07/IMG_7204-e1499886846128-768x1024.jpg 768w" sizes="auto, (max-width: 205px) 100vw, 205px" /></a><a href="http://ag-theater.de/wp-content/uploads/2017/07/IMG_7255.jpg"><img loading="lazy" decoding="async" class="aligncenter wp-image-407" src="http://ag-theater.de/wp-content/uploads/2017/07/IMG_7255-1024x768.jpg" alt="" width="243" height="182" srcset="http://ag-theater.de/wp-content/uploads/2017/07/IMG_7255-1024x768.jpg 1024w, http://ag-theater.de/wp-content/uploads/2017/07/IMG_7255-300x225.jpg 300w, http://ag-theater.de/wp-content/uploads/2017/07/IMG_7255-768x576.jpg 768w" sizes="auto, (max-width: 243px) 100vw, 243px" /></a> <a href="http://ag-theater.de/wp-content/uploads/2017/07/IMG_7270.jpg"><img loading="lazy" decoding="async" class="aligncenter wp-image-408 " src="http://ag-theater.de/wp-content/uploads/2017/07/IMG_7270-e1499886893583-768x1024.jpg" alt="" width="189" height="252" srcset="http://ag-theater.de/wp-content/uploads/2017/07/IMG_7270-e1499886893583-768x1024.jpg 768w, http://ag-theater.de/wp-content/uploads/2017/07/IMG_7270-e1499886893583-225x300.jpg 225w" sizes="auto, (max-width: 189px) 100vw, 189px" /></a> <a href="http://ag-theater.de/wp-content/uploads/2017/07/IMG_7283.jpg"><img loading="lazy" decoding="async" class="aligncenter wp-image-409" src="http://ag-theater.de/wp-content/uploads/2017/07/IMG_7283-1024x768.jpg" alt="" width="238" height="179" srcset="http://ag-theater.de/wp-content/uploads/2017/07/IMG_7283-1024x768.jpg 1024w, http://ag-theater.de/wp-content/uploads/2017/07/IMG_7283-300x225.jpg 300w, http://ag-theater.de/wp-content/uploads/2017/07/IMG_7283-768x576.jpg 768w" sizes="auto, (max-width: 238px) 100vw, 238px" /></a><a href="http://ag-theater.de/wp-content/uploads/2017/07/20170527_122947.jpg"><img loading="lazy" decoding="async" class="aligncenter wp-image-404" src="http://ag-theater.de/wp-content/uploads/2017/07/20170527_122947-300x169.jpg" alt="" width="232" height="131" srcset="http://ag-theater.de/wp-content/uploads/2017/07/20170527_122947-300x169.jpg 300w, http://ag-theater.de/wp-content/uploads/2017/07/20170527_122947-768x432.jpg 768w, http://ag-theater.de/wp-content/uploads/2017/07/20170527_122947-1024x576.jpg 1024w" sizes="auto, (max-width: 232px) 100vw, 232px" /></a> <a href="http://ag-theater.de/wp-content/uploads/2017/07/IMG_7305.jpg"><img loading="lazy" decoding="async" class="aligncenter wp-image-410" src="http://ag-theater.de/wp-content/uploads/2017/07/IMG_7305-1024x768.jpg" alt="" width="237" height="178" srcset="http://ag-theater.de/wp-content/uploads/2017/07/IMG_7305-1024x768.jpg 1024w, http://ag-theater.de/wp-content/uploads/2017/07/IMG_7305-300x225.jpg 300w, http://ag-theater.de/wp-content/uploads/2017/07/IMG_7305-768x576.jpg 768w" sizes="auto, (max-width: 237px) 100vw, 237px" /></a> <a href="http://ag-theater.de/wp-content/uploads/2017/07/IMG_7309.jpg"><img loading="lazy" decoding="async" class="aligncenter wp-image-411" src="http://ag-theater.de/wp-content/uploads/2017/07/IMG_7309-1024x768.jpg" alt="" width="239" height="179" srcset="http://ag-theater.de/wp-content/uploads/2017/07/IMG_7309-1024x768.jpg 1024w, http://ag-theater.de/wp-content/uploads/2017/07/IMG_7309-300x225.jpg 300w, http://ag-theater.de/wp-content/uploads/2017/07/IMG_7309-768x576.jpg 768w" sizes="auto, (max-width: 239px) 100vw, 239px" /></a> <a href="http://ag-theater.de/wp-content/uploads/2017/07/IMG_7311.jpg"><img loading="lazy" decoding="async" class="aligncenter wp-image-412" src="http://ag-theater.de/wp-content/uploads/2017/07/IMG_7311-1024x768.jpg" alt="" width="247" height="185" srcset="http://ag-theater.de/wp-content/uploads/2017/07/IMG_7311-1024x768.jpg 1024w, http://ag-theater.de/wp-content/uploads/2017/07/IMG_7311-300x225.jpg 300w, http://ag-theater.de/wp-content/uploads/2017/07/IMG_7311-768x576.jpg 768w" sizes="auto, (max-width: 247px) 100vw, 247px" /></a> <a href="http://ag-theater.de/wp-content/uploads/2017/07/IMG_7324.jpg"><img loading="lazy" decoding="async" class="aligncenter wp-image-413" src="http://ag-theater.de/wp-content/uploads/2017/07/IMG_7324-1024x768.jpg" alt="" width="248" height="186" srcset="http://ag-theater.de/wp-content/uploads/2017/07/IMG_7324-1024x768.jpg 1024w, http://ag-theater.de/wp-content/uploads/2017/07/IMG_7324-300x225.jpg 300w, http://ag-theater.de/wp-content/uploads/2017/07/IMG_7324-768x576.jpg 768w" sizes="auto, (max-width: 248px) 100vw, 248px" /></a> <a href="http://ag-theater.de/wp-content/uploads/2017/07/IMG_7341.jpg"><img loading="lazy" decoding="async" class="aligncenter wp-image-414" src="http://ag-theater.de/wp-content/uploads/2017/07/IMG_7341-1024x768.jpg" alt="" width="248" height="186" srcset="http://ag-theater.de/wp-content/uploads/2017/07/IMG_7341-1024x768.jpg 1024w, http://ag-theater.de/wp-content/uploads/2017/07/IMG_7341-300x225.jpg 300w, http://ag-theater.de/wp-content/uploads/2017/07/IMG_7341-768x576.jpg 768w" sizes="auto, (max-width: 248px) 100vw, 248px" /></a></p>


<p>Fahrplan &#8211; so war der Weg zum Stück<br><br>Proben immer montags von 13.15 bis 14.45 Uhr [Grundlagenarbeit]<br>bis Weihnachten: Stückauswahl<br>Januar/Februar: Ideensammlung, Stückplanung und Szenenentwicklungsprozeß<br>April/Mai: erste Szenen werden einstudiert<br>Probenwochenende: 27./28./Mai [Stück wird zu 60-70Prozent fertig gestellt]<br>Probenwoche:<br>Mo 19. Juni: normale Probe<br>Di 20. Juni: Zusatzprobe<br>Mi 21. Juni: Zusatzprobe<br>[Technikbesprechung im Theater Mummpitz: Ende Juni] ohne Kinder<br>Intensivierungswoche:<br>Mo 26. Juni: normale Probe<br>Di 27. Juni: Zusatzprobe<br>Mi 28. Juni: Zusatzprobe<br>Generalproben: Do. 29.6. oder Fr. 30.6. oder Mo. 03.07.<br>Nürnberger Kulturtage von 02.07. bis 06.07. inklusive 1 oder 2 Aufführungen<br>Katzwanger Kulturtag oder eine ähnliche Schulveranstaltung im Juli mit einer Aufführung<br>[Stand:16.10.16, es kann noch zu Änderungen kommen]</p>

<p>Das sagen andere zu Harry und die Zauberschule: Bei der Eröffnung [der Nürnberger Kulturtage] war neben einer Zirkusshow und einem Musikbeitrag das Stück „Harry und die Zauberschule“ der Grundschule Katzwang zu sehen: Witzig, szenisch pointiert und mit gewohnter Gestaltungskraft!Geschrieben von Michaela Ströbel-Langer im PAKS-Brief Ausgabe 22 September 2017 Nürnberger Kulturtag: Früh übt sich,…Lange mussten unsere [&hellip;]</p>
