{"id":445,"date":"2018-06-02T13:59:26","date_gmt":"2018-06-02T11:59:26","guid":{"rendered":"http:\/\/ag-theater.de\/?page_id=445"},"modified":"2022-01-27T17:01:31","modified_gmt":"2022-01-27T15:01:31","slug":"2018-das-emil-projekt","status":"publish","type":"page","link":"http:\/\/ag-theater.de\/?page_id=445","title":{"rendered":"2018 Das Emil-Projekt"},"content":{"rendered":"<p style=\"text-align: center;\">\n<\/p><h1 class=\"entry-title\">GS Katzwang ist der mittelfr\u00e4nkische Vertreter bei den bayerischen Theatertagen in Passau<\/h1>\n<div class=\"entry-content\">\n<p>Die Theater AG der Grundschule Katzwang wird 2018 der Vertreter unseres Regierungsbezirks bei den bayerischen Theatertagen sein. Heute kam die Zusage seitens der Regierung von Niederbayern!<\/p>\n<p><a href=\"http:\/\/ag-theater.de\/wp-content\/uploads\/2018\/04\/Passau2018.jpg\"><img loading=\"lazy\" decoding=\"async\" class=\"aligncenter size-full wp-image-431\" src=\"http:\/\/ag-theater.de\/wp-content\/uploads\/2018\/04\/Passau2018.jpg\" sizes=\"auto, (max-width: 1016px) 100vw, 1016px\" srcset=\"http:\/\/ag-theater.de\/wp-content\/uploads\/2018\/04\/Passau2018.jpg 1016w, http:\/\/ag-theater.de\/wp-content\/uploads\/2018\/04\/Passau2018-300x28.jpg 300w, http:\/\/ag-theater.de\/wp-content\/uploads\/2018\/04\/Passau2018-768x72.jpg 768w\" alt=\"\" width=\"1016\" height=\"95\"><\/a>Weitere Informationen finden sich unter: <a class=\"broken_link\" href=\"https:\/\/www.schultheater-2018.de\/\" target=\"_blank\" rel=\"noopener\">https:\/\/www.schultheater-2018.de\/<\/a><\/p>\n<p><a href=\"http:\/\/ag-theater.de\/wp-content\/uploads\/2018\/04\/TheaterziehtKreise.jpg\"><img loading=\"lazy\" decoding=\"async\" class=\"aligncenter  wp-image-432\" src=\"http:\/\/ag-theater.de\/wp-content\/uploads\/2018\/04\/TheaterziehtKreise.jpg\" sizes=\"auto, (max-width: 325px) 100vw, 325px\" srcset=\"http:\/\/ag-theater.de\/wp-content\/uploads\/2018\/04\/TheaterziehtKreise.jpg 570w, http:\/\/ag-theater.de\/wp-content\/uploads\/2018\/04\/TheaterziehtKreise-300x228.jpg 300w\" alt=\"\" width=\"325\" height=\"247\"><\/a>WIR SIND DABEI!<\/p>\n<\/div>\n<p style=\"text-align: center;\"><a href=\"http:\/\/ag-theater.de\/wp-content\/uploads\/2018\/06\/20180504_131831_gr\u00f6\u00dfer.jpg\"><img loading=\"lazy\" decoding=\"async\" class=\"aligncenter size-full wp-image-446\" src=\"http:\/\/ag-theater.de\/wp-content\/uploads\/2018\/06\/20180504_131831_gr\u00f6\u00dfer.jpg\" alt=\"\" width=\"2577\" height=\"1643\" srcset=\"http:\/\/ag-theater.de\/wp-content\/uploads\/2018\/06\/20180504_131831_gr\u00f6\u00dfer.jpg 2577w, http:\/\/ag-theater.de\/wp-content\/uploads\/2018\/06\/20180504_131831_gr\u00f6\u00dfer-300x191.jpg 300w, http:\/\/ag-theater.de\/wp-content\/uploads\/2018\/06\/20180504_131831_gr\u00f6\u00dfer-768x490.jpg 768w, http:\/\/ag-theater.de\/wp-content\/uploads\/2018\/06\/20180504_131831_gr\u00f6\u00dfer-1024x653.jpg 1024w\" sizes=\"auto, (max-width: 2577px) 100vw, 2577px\" \/><\/a>Die Theatergruppe 2017\/2018<\/p>\n<p style=\"text-align: center;\"><a href=\"http:\/\/ag-theater.de\/wp-content\/uploads\/2018\/06\/Kulturtage-N\u00fcrnberg.jpg\"><img loading=\"lazy\" decoding=\"async\" class=\"aligncenter size-full wp-image-451\" src=\"http:\/\/ag-theater.de\/wp-content\/uploads\/2018\/06\/Kulturtage-N\u00fcrnberg.jpg\" alt=\"\" width=\"1228\" height=\"569\" srcset=\"http:\/\/ag-theater.de\/wp-content\/uploads\/2018\/06\/Kulturtage-N\u00fcrnberg.jpg 1228w, http:\/\/ag-theater.de\/wp-content\/uploads\/2018\/06\/Kulturtage-N\u00fcrnberg-300x139.jpg 300w, http:\/\/ag-theater.de\/wp-content\/uploads\/2018\/06\/Kulturtage-N\u00fcrnberg-768x356.jpg 768w, http:\/\/ag-theater.de\/wp-content\/uploads\/2018\/06\/Kulturtage-N\u00fcrnberg-1024x474.jpg 1024w\" sizes=\"auto, (max-width: 1228px) 100vw, 1228px\" \/><\/a>Dabei bei den N\u00fcrnberger Kulturtagen im Theater Mummpitz, Dienstag am Vormittag und Donnerstag am Abend zur Derniere.<\/p>\n<p style=\"text-align: center;\"><a href=\"http:\/\/ag-theater.de\/wp-content\/uploads\/2018\/06\/TheaterziehtKreise-1.jpg\"><img loading=\"lazy\" decoding=\"async\" class=\"aligncenter size-full wp-image-447\" src=\"http:\/\/ag-theater.de\/wp-content\/uploads\/2018\/06\/TheaterziehtKreise-1.jpg\" alt=\"\" width=\"570\" height=\"433\" srcset=\"http:\/\/ag-theater.de\/wp-content\/uploads\/2018\/06\/TheaterziehtKreise-1.jpg 570w, http:\/\/ag-theater.de\/wp-content\/uploads\/2018\/06\/TheaterziehtKreise-1-300x228.jpg 300w\" sizes=\"auto, (max-width: 570px) 100vw, 570px\" \/><\/a>Und auch als mittelfr\u00e4nksicher Vertreter dabei bei den bayerischen Theatertagen in Passau<\/p>\n<p style=\"text-align: center;\"><a href=\"http:\/\/ag-theater.de\/wp-content\/uploads\/2018\/06\/Emil-Projekt_Bild-1.jpg\"><img loading=\"lazy\" decoding=\"async\" class=\"aligncenter size-full wp-image-448\" src=\"http:\/\/ag-theater.de\/wp-content\/uploads\/2018\/06\/Emil-Projekt_Bild-1.jpg\" alt=\"\" width=\"606\" height=\"520\" srcset=\"http:\/\/ag-theater.de\/wp-content\/uploads\/2018\/06\/Emil-Projekt_Bild-1.jpg 606w, http:\/\/ag-theater.de\/wp-content\/uploads\/2018\/06\/Emil-Projekt_Bild-1-300x257.jpg 300w\" sizes=\"auto, (max-width: 606px) 100vw, 606px\" \/><\/a>Der h\u00f6fliche Emil begr\u00fc\u00dft den Herrn mit dem steifen Hut<\/p>\n<p style=\"text-align: center;\"><a href=\"http:\/\/ag-theater.de\/wp-content\/uploads\/2018\/06\/Emil-Projekt_Bild-2.jpg\"><img loading=\"lazy\" decoding=\"async\" class=\"aligncenter size-full wp-image-449\" src=\"http:\/\/ag-theater.de\/wp-content\/uploads\/2018\/06\/Emil-Projekt_Bild-2.jpg\" alt=\"\" width=\"1004\" height=\"564\" srcset=\"http:\/\/ag-theater.de\/wp-content\/uploads\/2018\/06\/Emil-Projekt_Bild-2.jpg 1004w, http:\/\/ag-theater.de\/wp-content\/uploads\/2018\/06\/Emil-Projekt_Bild-2-300x169.jpg 300w, http:\/\/ag-theater.de\/wp-content\/uploads\/2018\/06\/Emil-Projekt_Bild-2-768x431.jpg 768w\" sizes=\"auto, (max-width: 1004px) 100vw, 1004px\" \/><\/a>Der Dieb wird gestellt<\/p>\n<p style=\"text-align: center;\"><a href=\"http:\/\/ag-theater.de\/wp-content\/uploads\/2018\/06\/Variante-B_Bild-1.jpg\"><img loading=\"lazy\" decoding=\"async\" class=\"aligncenter size-full wp-image-450\" src=\"http:\/\/ag-theater.de\/wp-content\/uploads\/2018\/06\/Variante-B_Bild-1.jpg\" alt=\"\" width=\"1648\" height=\"1687\" srcset=\"http:\/\/ag-theater.de\/wp-content\/uploads\/2018\/06\/Variante-B_Bild-1.jpg 1648w, http:\/\/ag-theater.de\/wp-content\/uploads\/2018\/06\/Variante-B_Bild-1-293x300.jpg 293w, http:\/\/ag-theater.de\/wp-content\/uploads\/2018\/06\/Variante-B_Bild-1-768x786.jpg 768w, http:\/\/ag-theater.de\/wp-content\/uploads\/2018\/06\/Variante-B_Bild-1-1000x1024.jpg 1000w\" sizes=\"auto, (max-width: 1648px) 100vw, 1648px\" \/><\/a>Improvisations\u00fcbungen im Probenprozess<\/p>\n\n\n<p>Timeline 2017\/2018<br><br>Proben immer freitags von 13.15 bis 14.45 Uhr [Grundlagenarbeit]<br>bis Weihnachten: St\u00fcckauswahl [15.12.2017]<br>bis 10.Januar: Bewerbung bei den bayerischen Theatertagen 2018 in Passau<\/p>\n\n\n\n<p>Januar\/Februar: Ideensammlung, St\u00fcckplanung und Szenenentwicklungsprozess<\/p>\n\n\n\n<p>M\u00e4rz\/April\/Mai: erste Szenen werden einstudiert<br>[19.05. &#8211; 03.06. Pfingstferien]<\/p>\n\n\n\n<p>Probenwochenende:<br>Juni [St\u00fcck wird zu 60-70Prozent fertig gestellt]<br>vorraussichtlich 08.\/09.\/10. Juni<\/p>\n\n\n\n<p>Intensivierungswoche:<br>Mo 11. Juni: Zusatzprobe 13.15 &#8211; 14.45 Uhr [Evtl. Ausnahmsweise 11.15 Uhr &#8211; 14.45 Uhr]<br>Di 12. Juni: Zusatzprobe 13.15 &#8211; 14.45 Uhr<br>Do 14. Juni: Zusatzprobe 13.15 &#8211; 14.45 Uhr<br>[Technikbesprechung im Theater Mummpitz: Mitte Juni] ohne Kinder<\/p>\n\n\n\n<p>Generalproben: Do. 22.6. oder Fr. 23.6. oder Mo. 25.06.<br>N\u00fcrnberger Kulturtage von 24.06. bis 28.06. inklusive 1 oder 2 Auff\u00fchrungen<br>Katzwanger Kulturtag oder Auff\u00fchrungen im schulischen Rahmen im Juli mit einer oder mehreren Auff\u00fchrungen<br>[09.07. bis 12.07. Bayerische Theatertage in Passau; sofern wir genommen werden sollten]<br>[Stand:11.12.17, es kann noch zu \u00c4nderungen kommen]<\/p>\n","protected":false},"excerpt":{"rendered":"<p>GS Katzwang ist der mittelfr\u00e4nkische Vertreter bei den bayerischen Theatertagen in Passau Die Theater AG der Grundschule Katzwang wird 2018 der Vertreter unseres Regierungsbezirks bei den bayerischen Theatertagen sein. Heute kam die Zusage seitens der Regierung von Niederbayern! Weitere Informationen finden sich unter: https:\/\/www.schultheater-2018.de\/ WIR SIND DABEI! Die Theatergruppe 2017\/2018 Dabei bei den N\u00fcrnberger Kulturtagen [&hellip;]<\/p>\n","protected":false},"author":1,"featured_media":0,"parent":0,"menu_order":0,"comment_status":"closed","ping_status":"closed","template":"","meta":{"footnotes":""},"class_list":["post-445","page","type-page","status-publish","hentry","post-preview"],"_links":{"self":[{"href":"http:\/\/ag-theater.de\/index.php?rest_route=\/wp\/v2\/pages\/445","targetHints":{"allow":["GET"]}}],"collection":[{"href":"http:\/\/ag-theater.de\/index.php?rest_route=\/wp\/v2\/pages"}],"about":[{"href":"http:\/\/ag-theater.de\/index.php?rest_route=\/wp\/v2\/types\/page"}],"author":[{"embeddable":true,"href":"http:\/\/ag-theater.de\/index.php?rest_route=\/wp\/v2\/users\/1"}],"replies":[{"embeddable":true,"href":"http:\/\/ag-theater.de\/index.php?rest_route=%2Fwp%2Fv2%2Fcomments&post=445"}],"version-history":[{"count":3,"href":"http:\/\/ag-theater.de\/index.php?rest_route=\/wp\/v2\/pages\/445\/revisions"}],"predecessor-version":[{"id":493,"href":"http:\/\/ag-theater.de\/index.php?rest_route=\/wp\/v2\/pages\/445\/revisions\/493"}],"wp:attachment":[{"href":"http:\/\/ag-theater.de\/index.php?rest_route=%2Fwp%2Fv2%2Fmedia&parent=445"}],"curies":[{"name":"wp","href":"https:\/\/api.w.org\/{rel}","templated":true}]}}

<p style="text-align: center;">
</p><h1 class="entry-title">GS Katzwang ist der mittelfränkische Vertreter bei den bayerischen Theatertagen in Passau</h1>
<div class="entry-content">
<p>Die Theater AG der Grundschule Katzwang wird 2018 der Vertreter unseres Regierungsbezirks bei den bayerischen Theatertagen sein. Heute kam die Zusage seitens der Regierung von Niederbayern!</p>
<p><a href="http://ag-theater.de/wp-content/uploads/2018/04/Passau2018.jpg"><img loading="lazy" decoding="async" class="aligncenter size-full wp-image-431" src="http://ag-theater.de/wp-content/uploads/2018/04/Passau2018.jpg" sizes="auto, (max-width: 1016px) 100vw, 1016px" srcset="http://ag-theater.de/wp-content/uploads/2018/04/Passau2018.jpg 1016w, http://ag-theater.de/wp-content/uploads/2018/04/Passau2018-300x28.jpg 300w, http://ag-theater.de/wp-content/uploads/2018/04/Passau2018-768x72.jpg 768w" alt="" width="1016" height="95"></a>Weitere Informationen finden sich unter: <a class="broken_link" href="https://www.schultheater-2018.de/" target="_blank" rel="noopener">https://www.schultheater-2018.de/</a></p>
<p><a href="http://ag-theater.de/wp-content/uploads/2018/04/TheaterziehtKreise.jpg"><img loading="lazy" decoding="async" class="aligncenter  wp-image-432" src="http://ag-theater.de/wp-content/uploads/2018/04/TheaterziehtKreise.jpg" sizes="auto, (max-width: 325px) 100vw, 325px" srcset="http://ag-theater.de/wp-content/uploads/2018/04/TheaterziehtKreise.jpg 570w, http://ag-theater.de/wp-content/uploads/2018/04/TheaterziehtKreise-300x228.jpg 300w" alt="" width="325" height="247"></a>WIR SIND DABEI!</p>
</div>
<p style="text-align: center;"><a href="http://ag-theater.de/wp-content/uploads/2018/06/20180504_131831_größer.jpg"><img loading="lazy" decoding="async" class="aligncenter size-full wp-image-446" src="http://ag-theater.de/wp-content/uploads/2018/06/20180504_131831_größer.jpg" alt="" width="2577" height="1643" srcset="http://ag-theater.de/wp-content/uploads/2018/06/20180504_131831_größer.jpg 2577w, http://ag-theater.de/wp-content/uploads/2018/06/20180504_131831_größer-300x191.jpg 300w, http://ag-theater.de/wp-content/uploads/2018/06/20180504_131831_größer-768x490.jpg 768w, http://ag-theater.de/wp-content/uploads/2018/06/20180504_131831_größer-1024x653.jpg 1024w" sizes="auto, (max-width: 2577px) 100vw, 2577px" /></a>Die Theatergruppe 2017/2018</p>
<p style="text-align: center;"><a href="http://ag-theater.de/wp-content/uploads/2018/06/Kulturtage-Nürnberg.jpg"><img loading="lazy" decoding="async" class="aligncenter size-full wp-image-451" src="http://ag-theater.de/wp-content/uploads/2018/06/Kulturtage-Nürnberg.jpg" alt="" width="1228" height="569" srcset="http://ag-theater.de/wp-content/uploads/2018/06/Kulturtage-Nürnberg.jpg 1228w, http://ag-theater.de/wp-content/uploads/2018/06/Kulturtage-Nürnberg-300x139.jpg 300w, http://ag-theater.de/wp-content/uploads/2018/06/Kulturtage-Nürnberg-768x356.jpg 768w, http://ag-theater.de/wp-content/uploads/2018/06/Kulturtage-Nürnberg-1024x474.jpg 1024w" sizes="auto, (max-width: 1228px) 100vw, 1228px" /></a>Dabei bei den Nürnberger Kulturtagen im Theater Mummpitz, Dienstag am Vormittag und Donnerstag am Abend zur Derniere.</p>
<p style="text-align: center;"><a href="http://ag-theater.de/wp-content/uploads/2018/06/TheaterziehtKreise-1.jpg"><img loading="lazy" decoding="async" class="aligncenter size-full wp-image-447" src="http://ag-theater.de/wp-content/uploads/2018/06/TheaterziehtKreise-1.jpg" alt="" width="570" height="433" srcset="http://ag-theater.de/wp-content/uploads/2018/06/TheaterziehtKreise-1.jpg 570w, http://ag-theater.de/wp-content/uploads/2018/06/TheaterziehtKreise-1-300x228.jpg 300w" sizes="auto, (max-width: 570px) 100vw, 570px" /></a>Und auch als mittelfränksicher Vertreter dabei bei den bayerischen Theatertagen in Passau</p>
<p style="text-align: center;"><a href="http://ag-theater.de/wp-content/uploads/2018/06/Emil-Projekt_Bild-1.jpg"><img loading="lazy" decoding="async" class="aligncenter size-full wp-image-448" src="http://ag-theater.de/wp-content/uploads/2018/06/Emil-Projekt_Bild-1.jpg" alt="" width="606" height="520" srcset="http://ag-theater.de/wp-content/uploads/2018/06/Emil-Projekt_Bild-1.jpg 606w, http://ag-theater.de/wp-content/uploads/2018/06/Emil-Projekt_Bild-1-300x257.jpg 300w" sizes="auto, (max-width: 606px) 100vw, 606px" /></a>Der höfliche Emil begrüßt den Herrn mit dem steifen Hut</p>
<p style="text-align: center;"><a href="http://ag-theater.de/wp-content/uploads/2018/06/Emil-Projekt_Bild-2.jpg"><img loading="lazy" decoding="async" class="aligncenter size-full wp-image-449" src="http://ag-theater.de/wp-content/uploads/2018/06/Emil-Projekt_Bild-2.jpg" alt="" width="1004" height="564" srcset="http://ag-theater.de/wp-content/uploads/2018/06/Emil-Projekt_Bild-2.jpg 1004w, http://ag-theater.de/wp-content/uploads/2018/06/Emil-Projekt_Bild-2-300x169.jpg 300w, http://ag-theater.de/wp-content/uploads/2018/06/Emil-Projekt_Bild-2-768x431.jpg 768w" sizes="auto, (max-width: 1004px) 100vw, 1004px" /></a>Der Dieb wird gestellt</p>
<p style="text-align: center;"><a href="http://ag-theater.de/wp-content/uploads/2018/06/Variante-B_Bild-1.jpg"><img loading="lazy" decoding="async" class="aligncenter size-full wp-image-450" src="http://ag-theater.de/wp-content/uploads/2018/06/Variante-B_Bild-1.jpg" alt="" width="1648" height="1687" srcset="http://ag-theater.de/wp-content/uploads/2018/06/Variante-B_Bild-1.jpg 1648w, http://ag-theater.de/wp-content/uploads/2018/06/Variante-B_Bild-1-293x300.jpg 293w, http://ag-theater.de/wp-content/uploads/2018/06/Variante-B_Bild-1-768x786.jpg 768w, http://ag-theater.de/wp-content/uploads/2018/06/Variante-B_Bild-1-1000x1024.jpg 1000w" sizes="auto, (max-width: 1648px) 100vw, 1648px" /></a>Improvisationsübungen im Probenprozess</p>


<p>Timeline 2017/2018<br><br>Proben immer freitags von 13.15 bis 14.45 Uhr [Grundlagenarbeit]<br>bis Weihnachten: Stückauswahl [15.12.2017]<br>bis 10.Januar: Bewerbung bei den bayerischen Theatertagen 2018 in Passau</p>



<p>Januar/Februar: Ideensammlung, Stückplanung und Szenenentwicklungsprozess</p>



<p>März/April/Mai: erste Szenen werden einstudiert<br>[19.05. &#8211; 03.06. Pfingstferien]</p>



<p>Probenwochenende:<br>Juni [Stück wird zu 60-70Prozent fertig gestellt]<br>vorraussichtlich 08./09./10. Juni</p>



<p>Intensivierungswoche:<br>Mo 11. Juni: Zusatzprobe 13.15 &#8211; 14.45 Uhr [Evtl. Ausnahmsweise 11.15 Uhr &#8211; 14.45 Uhr]<br>Di 12. Juni: Zusatzprobe 13.15 &#8211; 14.45 Uhr<br>Do 14. Juni: Zusatzprobe 13.15 &#8211; 14.45 Uhr<br>[Technikbesprechung im Theater Mummpitz: Mitte Juni] ohne Kinder</p>



<p>Generalproben: Do. 22.6. oder Fr. 23.6. oder Mo. 25.06.<br>Nürnberger Kulturtage von 24.06. bis 28.06. inklusive 1 oder 2 Aufführungen<br>Katzwanger Kulturtag oder Aufführungen im schulischen Rahmen im Juli mit einer oder mehreren Aufführungen<br>[09.07. bis 12.07. Bayerische Theatertage in Passau; sofern wir genommen werden sollten]<br>[Stand:11.12.17, es kann noch zu Änderungen kommen]</p>

<p>GS Katzwang ist der mittelfränkische Vertreter bei den bayerischen Theatertagen in Passau Die Theater AG der Grundschule Katzwang wird 2018 der Vertreter unseres Regierungsbezirks bei den bayerischen Theatertagen sein. Heute kam die Zusage seitens der Regierung von Niederbayern! Weitere Informationen finden sich unter: https://www.schultheater-2018.de/ WIR SIND DABEI! Die Theatergruppe 2017/2018 Dabei bei den Nürnberger Kulturtagen [&hellip;]</p>
