{"id":469,"date":"2021-11-13T12:00:51","date_gmt":"2021-11-13T10:00:51","guid":{"rendered":"http:\/\/ag-theater.de\/?page_id=469"},"modified":"2024-02-15T00:17:21","modified_gmt":"2024-02-14T22:17:21","slug":"2022-praesenz-oder-digital","status":"publish","type":"page","link":"http:\/\/ag-theater.de\/?page_id=469","title":{"rendered":"2022 Alice@Wunder.Land"},"content":{"rendered":"\n<p>Rezension von Wolfgang Br\u00fcninghaus im Rahmen der Bayerischen Theatertage 2022 in Bayreuth (auch zu finden unter: <a href=\"https:\/\/www.paks-bayern.de\/alicewunderland.html\" target=\"_blank\" rel=\"noreferrer noopener\">https:\/\/www.paks-bayern.de\/alicewunderland.html<\/a> )<\/p>\n\n\n\n<p><a href=\"https:\/\/youtu.be\/I-bzLSC0BOU\" target=\"_blank\" rel=\"noreferrer noopener\">Bewerbungsvideo<\/a> zu den 9. Bayerischen Theatertage in Bayreuth<\/p>\n\n\n\n<figure class=\"wp-block-image size-full\"><a href=\"http:\/\/ag-theater.de\/wp-content\/uploads\/2024\/02\/Screenshot-2024-02-14-225731.png\"><img loading=\"lazy\" decoding=\"async\" width=\"740\" height=\"641\" src=\"http:\/\/ag-theater.de\/wp-content\/uploads\/2024\/02\/Screenshot-2024-02-14-225731.png\" alt=\"\" class=\"wp-image-594\" srcset=\"http:\/\/ag-theater.de\/wp-content\/uploads\/2024\/02\/Screenshot-2024-02-14-225731.png 740w, http:\/\/ag-theater.de\/wp-content\/uploads\/2024\/02\/Screenshot-2024-02-14-225731-300x260.png 300w\" sizes=\"auto, (max-width: 740px) 100vw, 740px\" \/><\/a><\/figure>\n\n\n\n<p><a rel=\"noreferrer noopener\" href=\"https:\/\/youtu.be\/i21T_SkzM2A\" target=\"_blank\">Vorstellungsvideo<\/a> zu den N\u00fcrnberger Kulturtagen<\/p>\n\n\n\n<p>In diesem Jahr widmen sich die Sch\u00fcler:innen der Theater AG der Grundschule Katzwang dem Themenkomplex Alice im Wunderland. Sie lesen einzelne Textsequenzen, besch\u00e4ftigen sich mit Improvisationen dazu, entwickeln Spielideen. In einem gemeinsamen Reflexionsprozess werden brauchbare Ideen weiterverfolgt und mit Unterst\u00fctzung des Spielleiters zu Szenen zusammengesetzt. Dieses Jahr haben wir eine besonders diffiziele Situation. Aufgrund der Beschr\u00e4nkungen durch die Pandemie, k\u00f6nnen wir nur in klassenreinen Gruppen \u00fcben. D.h. die Theatergruppe ist in drei kleine Gruppen unterteilt. Aktuell arbeiten wir an unterschiedlichen Szenen und wollen diese wie eine Art Puzzle am Ende zusammensetzen um am Ende ein St\u00fcck auf die B\u00fchne zu bringen, sollte es die aktuelle Situation \u00fcberhaupt zulassen. Ver\u00f6ffentlicht unter <a href=\"http:\/\/ag-theater.de\/?cat=1\">Nachrichten<\/a> | Kommentare deaktiviert f\u00fcr 2022 Alice@Wunder.Land | <a href=\"http:\/\/ag-theater.de\/wp-admin\/post.php?post=551&amp;action=edit\">Bearbeiten<\/a><\/p>\n\n\n\n<h2 class=\"wp-block-heading\"><a href=\"http:\/\/ag-theater.de\/?p=480\">Aktueller Probenprozess<\/a><\/h2>\n\n\n\n<p><\/p>\n\n\n\n<p>Bis vor kurzem durften wir noch proben. Wie lange das noch m\u00f6glich sein wird mit Maske ist fraglich. Die Rahmenhygienepl\u00e4ne werden immer straffer.<\/p>\n\n\n\n<figure class=\"wp-block-image\"><a href=\"http:\/\/ag-theater.de\/wp-content\/uploads\/2021\/11\/20211014_134719-scaled.jpg\"><img loading=\"lazy\" decoding=\"async\" width=\"1024\" height=\"704\" src=\"http:\/\/ag-theater.de\/wp-content\/uploads\/2021\/11\/20211014_134719-1024x704.jpg\" alt=\"\" class=\"wp-image-481\" srcset=\"http:\/\/ag-theater.de\/wp-content\/uploads\/2021\/11\/20211014_134719-1024x704.jpg 1024w, http:\/\/ag-theater.de\/wp-content\/uploads\/2021\/11\/20211014_134719-300x206.jpg 300w, http:\/\/ag-theater.de\/wp-content\/uploads\/2021\/11\/20211014_134719-768x528.jpg 768w, http:\/\/ag-theater.de\/wp-content\/uploads\/2021\/11\/20211014_134719-1536x1057.jpg 1536w, http:\/\/ag-theater.de\/wp-content\/uploads\/2021\/11\/20211014_134719-2048x1409.jpg 2048w\" sizes=\"auto, (max-width: 1024px) 100vw, 1024px\" \/><\/a><\/figure>\n\n\n\n<p>Pr\u00e4senz oder digital?<br>Dieses Jahr haben wir wieder mit einer Theater AG gestartet. In der Hoffnung 2022 an den N\u00fcrnberger Kulturtagen und in Bayreuth bei den bayerischen Theatertagen spielen zu k\u00f6nnen. <\/p>\n\n\n\n<p>Die Gruppe ist engagiert bei der Sache, kreativ und voller Energie. Es wird spannend diese Spielfreude auf die B\u00fchne zu bringen.<br><br>Als Grundlage f\u00fcr das diesj\u00e4hrige St\u00fcck wurde &#8222;Alice im Wunderland&#8220; ausgew\u00e4hlt. Mit diesem Thema besch\u00e4ftigen sich die Kinder nun, improvisieren, entwickeln Ideen und ich helfe ihnen beim Gestalten des St\u00fccks.<\/p>\n\n\n\n<figure class=\"wp-block-image size-large\"><a href=\"http:\/\/ag-theater.de\/wp-content\/uploads\/2022\/06\/GruppeTheaterAG.jpeg\"><img loading=\"lazy\" decoding=\"async\" width=\"1024\" height=\"651\" src=\"http:\/\/ag-theater.de\/wp-content\/uploads\/2022\/06\/GruppeTheaterAG-1024x651.jpeg\" alt=\"\" class=\"wp-image-558\" srcset=\"http:\/\/ag-theater.de\/wp-content\/uploads\/2022\/06\/GruppeTheaterAG-1024x651.jpeg 1024w, http:\/\/ag-theater.de\/wp-content\/uploads\/2022\/06\/GruppeTheaterAG-300x191.jpeg 300w, http:\/\/ag-theater.de\/wp-content\/uploads\/2022\/06\/GruppeTheaterAG-768x488.jpeg 768w, http:\/\/ag-theater.de\/wp-content\/uploads\/2022\/06\/GruppeTheaterAG-1536x977.jpeg 1536w, http:\/\/ag-theater.de\/wp-content\/uploads\/2022\/06\/GruppeTheaterAG.jpeg 1848w\" sizes=\"auto, (max-width: 1024px) 100vw, 1024px\" \/><\/a><figcaption class=\"wp-element-caption\">Die Theatergruppe<\/figcaption><\/figure>\n\n\n\n<figure class=\"wp-block-image size-large\"><a href=\"http:\/\/ag-theater.de\/wp-content\/uploads\/2022\/06\/Screenshot-2022-05-01-224228.jpg\"><img loading=\"lazy\" decoding=\"async\" width=\"1024\" height=\"542\" src=\"http:\/\/ag-theater.de\/wp-content\/uploads\/2022\/06\/Screenshot-2022-05-01-224228-1024x542.jpg\" alt=\"\" class=\"wp-image-559\" srcset=\"http:\/\/ag-theater.de\/wp-content\/uploads\/2022\/06\/Screenshot-2022-05-01-224228-1024x542.jpg 1024w, http:\/\/ag-theater.de\/wp-content\/uploads\/2022\/06\/Screenshot-2022-05-01-224228-300x159.jpg 300w, http:\/\/ag-theater.de\/wp-content\/uploads\/2022\/06\/Screenshot-2022-05-01-224228-768x406.jpg 768w, http:\/\/ag-theater.de\/wp-content\/uploads\/2022\/06\/Screenshot-2022-05-01-224228-1536x813.jpg 1536w, http:\/\/ag-theater.de\/wp-content\/uploads\/2022\/06\/Screenshot-2022-05-01-224228.jpg 1586w\" sizes=\"auto, (max-width: 1024px) 100vw, 1024px\" \/><\/a><figcaption class=\"wp-element-caption\">Alice zweifelt<\/figcaption><\/figure>\n\n\n\n<figure class=\"wp-block-image size-large\"><a href=\"http:\/\/ag-theater.de\/wp-content\/uploads\/2022\/06\/Screenshot-2022-05-01-230834.jpg\"><img loading=\"lazy\" decoding=\"async\" width=\"1024\" height=\"597\" src=\"http:\/\/ag-theater.de\/wp-content\/uploads\/2022\/06\/Screenshot-2022-05-01-230834-1024x597.jpg\" alt=\"\" class=\"wp-image-560\" srcset=\"http:\/\/ag-theater.de\/wp-content\/uploads\/2022\/06\/Screenshot-2022-05-01-230834-1024x597.jpg 1024w, http:\/\/ag-theater.de\/wp-content\/uploads\/2022\/06\/Screenshot-2022-05-01-230834-300x175.jpg 300w, http:\/\/ag-theater.de\/wp-content\/uploads\/2022\/06\/Screenshot-2022-05-01-230834-768x448.jpg 768w, http:\/\/ag-theater.de\/wp-content\/uploads\/2022\/06\/Screenshot-2022-05-01-230834-1536x896.jpg 1536w, http:\/\/ag-theater.de\/wp-content\/uploads\/2022\/06\/Screenshot-2022-05-01-230834.jpg 1577w\" sizes=\"auto, (max-width: 1024px) 100vw, 1024px\" \/><\/a><figcaption class=\"wp-element-caption\">Spielkarten beim F\u00e4rben der Pflanzen<\/figcaption><\/figure>\n\n\n\n<figure class=\"wp-block-image size-large\"><a href=\"http:\/\/ag-theater.de\/wp-content\/uploads\/2022\/06\/Screenshot-2022-05-01-231128.jpg\"><img loading=\"lazy\" decoding=\"async\" width=\"1024\" height=\"846\" src=\"http:\/\/ag-theater.de\/wp-content\/uploads\/2022\/06\/Screenshot-2022-05-01-231128-1024x846.jpg\" alt=\"\" class=\"wp-image-561\" srcset=\"http:\/\/ag-theater.de\/wp-content\/uploads\/2022\/06\/Screenshot-2022-05-01-231128-1024x846.jpg 1024w, http:\/\/ag-theater.de\/wp-content\/uploads\/2022\/06\/Screenshot-2022-05-01-231128-300x248.jpg 300w, http:\/\/ag-theater.de\/wp-content\/uploads\/2022\/06\/Screenshot-2022-05-01-231128-768x635.jpg 768w, http:\/\/ag-theater.de\/wp-content\/uploads\/2022\/06\/Screenshot-2022-05-01-231128.jpg 1222w\" sizes=\"auto, (max-width: 1024px) 100vw, 1024px\" \/><\/a><figcaption class=\"wp-element-caption\">Alice bei der Raupe<\/figcaption><\/figure>\n\n\n\n<p><\/p>\n","protected":false},"excerpt":{"rendered":"<p>Rezension von Wolfgang Br\u00fcninghaus im Rahmen der Bayerischen Theatertage 2022 in Bayreuth (auch zu finden unter: https:\/\/www.paks-bayern.de\/alicewunderland.html ) Bewerbungsvideo zu den 9. Bayerischen Theatertage in Bayreuth Vorstellungsvideo zu den N\u00fcrnberger Kulturtagen In diesem Jahr widmen sich die Sch\u00fcler:innen der Theater AG der Grundschule Katzwang dem Themenkomplex Alice im Wunderland. Sie lesen einzelne Textsequenzen, besch\u00e4ftigen sich [&hellip;]<\/p>\n","protected":false},"author":1,"featured_media":0,"parent":0,"menu_order":0,"comment_status":"closed","ping_status":"closed","template":"","meta":{"footnotes":""},"class_list":["post-469","page","type-page","status-publish","hentry","post-preview"],"_links":{"self":[{"href":"http:\/\/ag-theater.de\/index.php?rest_route=\/wp\/v2\/pages\/469","targetHints":{"allow":["GET"]}}],"collection":[{"href":"http:\/\/ag-theater.de\/index.php?rest_route=\/wp\/v2\/pages"}],"about":[{"href":"http:\/\/ag-theater.de\/index.php?rest_route=\/wp\/v2\/types\/page"}],"author":[{"embeddable":true,"href":"http:\/\/ag-theater.de\/index.php?rest_route=\/wp\/v2\/users\/1"}],"replies":[{"embeddable":true,"href":"http:\/\/ag-theater.de\/index.php?rest_route=%2Fwp%2Fv2%2Fcomments&post=469"}],"version-history":[{"count":9,"href":"http:\/\/ag-theater.de\/index.php?rest_route=\/wp\/v2\/pages\/469\/revisions"}],"predecessor-version":[{"id":595,"href":"http:\/\/ag-theater.de\/index.php?rest_route=\/wp\/v2\/pages\/469\/revisions\/595"}],"wp:attachment":[{"href":"http:\/\/ag-theater.de\/index.php?rest_route=%2Fwp%2Fv2%2Fmedia&parent=469"}],"curies":[{"name":"wp","href":"https:\/\/api.w.org\/{rel}","templated":true}]}}

<p>Rezension von Wolfgang Brüninghaus im Rahmen der Bayerischen Theatertage 2022 in Bayreuth (auch zu finden unter: <a href="https://www.paks-bayern.de/alicewunderland.html" target="_blank" rel="noreferrer noopener">https://www.paks-bayern.de/alicewunderland.html</a> )</p>



<p><a href="https://youtu.be/I-bzLSC0BOU" target="_blank" rel="noreferrer noopener">Bewerbungsvideo</a> zu den 9. Bayerischen Theatertage in Bayreuth</p>



<figure class="wp-block-image size-full"><a href="http://ag-theater.de/wp-content/uploads/2024/02/Screenshot-2024-02-14-225731.png"><img loading="lazy" decoding="async" width="740" height="641" src="http://ag-theater.de/wp-content/uploads/2024/02/Screenshot-2024-02-14-225731.png" alt="" class="wp-image-594" srcset="http://ag-theater.de/wp-content/uploads/2024/02/Screenshot-2024-02-14-225731.png 740w, http://ag-theater.de/wp-content/uploads/2024/02/Screenshot-2024-02-14-225731-300x260.png 300w" sizes="auto, (max-width: 740px) 100vw, 740px" /></a></figure>



<p><a rel="noreferrer noopener" href="https://youtu.be/i21T_SkzM2A" target="_blank">Vorstellungsvideo</a> zu den Nürnberger Kulturtagen</p>



<p>In diesem Jahr widmen sich die Schüler:innen der Theater AG der Grundschule Katzwang dem Themenkomplex Alice im Wunderland. Sie lesen einzelne Textsequenzen, beschäftigen sich mit Improvisationen dazu, entwickeln Spielideen. In einem gemeinsamen Reflexionsprozess werden brauchbare Ideen weiterverfolgt und mit Unterstützung des Spielleiters zu Szenen zusammengesetzt. Dieses Jahr haben wir eine besonders diffiziele Situation. Aufgrund der Beschränkungen durch die Pandemie, können wir nur in klassenreinen Gruppen üben. D.h. die Theatergruppe ist in drei kleine Gruppen unterteilt. Aktuell arbeiten wir an unterschiedlichen Szenen und wollen diese wie eine Art Puzzle am Ende zusammensetzen um am Ende ein Stück auf die Bühne zu bringen, sollte es die aktuelle Situation überhaupt zulassen. Veröffentlicht unter <a href="http://ag-theater.de/?cat=1">Nachrichten</a> | Kommentare deaktiviert für 2022 Alice@Wunder.Land | <a href="http://ag-theater.de/wp-admin/post.php?post=551&amp;action=edit">Bearbeiten</a></p>



<h2 class="wp-block-heading"><a href="http://ag-theater.de/?p=480">Aktueller Probenprozess</a></h2>



<p></p>



<p>Bis vor kurzem durften wir noch proben. Wie lange das noch möglich sein wird mit Maske ist fraglich. Die Rahmenhygienepläne werden immer straffer.</p>



<figure class="wp-block-image"><a href="http://ag-theater.de/wp-content/uploads/2021/11/20211014_134719-scaled.jpg"><img loading="lazy" decoding="async" width="1024" height="704" src="http://ag-theater.de/wp-content/uploads/2021/11/20211014_134719-1024x704.jpg" alt="" class="wp-image-481" srcset="http://ag-theater.de/wp-content/uploads/2021/11/20211014_134719-1024x704.jpg 1024w, http://ag-theater.de/wp-content/uploads/2021/11/20211014_134719-300x206.jpg 300w, http://ag-theater.de/wp-content/uploads/2021/11/20211014_134719-768x528.jpg 768w, http://ag-theater.de/wp-content/uploads/2021/11/20211014_134719-1536x1057.jpg 1536w, http://ag-theater.de/wp-content/uploads/2021/11/20211014_134719-2048x1409.jpg 2048w" sizes="auto, (max-width: 1024px) 100vw, 1024px" /></a></figure>



<p>Präsenz oder digital?<br>Dieses Jahr haben wir wieder mit einer Theater AG gestartet. In der Hoffnung 2022 an den Nürnberger Kulturtagen und in Bayreuth bei den bayerischen Theatertagen spielen zu können. </p>



<p>Die Gruppe ist engagiert bei der Sache, kreativ und voller Energie. Es wird spannend diese Spielfreude auf die Bühne zu bringen.<br><br>Als Grundlage für das diesjährige Stück wurde &#8222;Alice im Wunderland&#8220; ausgewählt. Mit diesem Thema beschäftigen sich die Kinder nun, improvisieren, entwickeln Ideen und ich helfe ihnen beim Gestalten des Stücks.</p>



<figure class="wp-block-image size-large"><a href="http://ag-theater.de/wp-content/uploads/2022/06/GruppeTheaterAG.jpeg"><img loading="lazy" decoding="async" width="1024" height="651" src="http://ag-theater.de/wp-content/uploads/2022/06/GruppeTheaterAG-1024x651.jpeg" alt="" class="wp-image-558" srcset="http://ag-theater.de/wp-content/uploads/2022/06/GruppeTheaterAG-1024x651.jpeg 1024w, http://ag-theater.de/wp-content/uploads/2022/06/GruppeTheaterAG-300x191.jpeg 300w, http://ag-theater.de/wp-content/uploads/2022/06/GruppeTheaterAG-768x488.jpeg 768w, http://ag-theater.de/wp-content/uploads/2022/06/GruppeTheaterAG-1536x977.jpeg 1536w, http://ag-theater.de/wp-content/uploads/2022/06/GruppeTheaterAG.jpeg 1848w" sizes="auto, (max-width: 1024px) 100vw, 1024px" /></a><figcaption class="wp-element-caption">Die Theatergruppe</figcaption></figure>



<figure class="wp-block-image size-large"><a href="http://ag-theater.de/wp-content/uploads/2022/06/Screenshot-2022-05-01-224228.jpg"><img loading="lazy" decoding="async" width="1024" height="542" src="http://ag-theater.de/wp-content/uploads/2022/06/Screenshot-2022-05-01-224228-1024x542.jpg" alt="" class="wp-image-559" srcset="http://ag-theater.de/wp-content/uploads/2022/06/Screenshot-2022-05-01-224228-1024x542.jpg 1024w, http://ag-theater.de/wp-content/uploads/2022/06/Screenshot-2022-05-01-224228-300x159.jpg 300w, http://ag-theater.de/wp-content/uploads/2022/06/Screenshot-2022-05-01-224228-768x406.jpg 768w, http://ag-theater.de/wp-content/uploads/2022/06/Screenshot-2022-05-01-224228-1536x813.jpg 1536w, http://ag-theater.de/wp-content/uploads/2022/06/Screenshot-2022-05-01-224228.jpg 1586w" sizes="auto, (max-width: 1024px) 100vw, 1024px" /></a><figcaption class="wp-element-caption">Alice zweifelt</figcaption></figure>



<figure class="wp-block-image size-large"><a href="http://ag-theater.de/wp-content/uploads/2022/06/Screenshot-2022-05-01-230834.jpg"><img loading="lazy" decoding="async" width="1024" height="597" src="http://ag-theater.de/wp-content/uploads/2022/06/Screenshot-2022-05-01-230834-1024x597.jpg" alt="" class="wp-image-560" srcset="http://ag-theater.de/wp-content/uploads/2022/06/Screenshot-2022-05-01-230834-1024x597.jpg 1024w, http://ag-theater.de/wp-content/uploads/2022/06/Screenshot-2022-05-01-230834-300x175.jpg 300w, http://ag-theater.de/wp-content/uploads/2022/06/Screenshot-2022-05-01-230834-768x448.jpg 768w, http://ag-theater.de/wp-content/uploads/2022/06/Screenshot-2022-05-01-230834-1536x896.jpg 1536w, http://ag-theater.de/wp-content/uploads/2022/06/Screenshot-2022-05-01-230834.jpg 1577w" sizes="auto, (max-width: 1024px) 100vw, 1024px" /></a><figcaption class="wp-element-caption">Spielkarten beim Färben der Pflanzen</figcaption></figure>



<figure class="wp-block-image size-large"><a href="http://ag-theater.de/wp-content/uploads/2022/06/Screenshot-2022-05-01-231128.jpg"><img loading="lazy" decoding="async" width="1024" height="846" src="http://ag-theater.de/wp-content/uploads/2022/06/Screenshot-2022-05-01-231128-1024x846.jpg" alt="" class="wp-image-561" srcset="http://ag-theater.de/wp-content/uploads/2022/06/Screenshot-2022-05-01-231128-1024x846.jpg 1024w, http://ag-theater.de/wp-content/uploads/2022/06/Screenshot-2022-05-01-231128-300x248.jpg 300w, http://ag-theater.de/wp-content/uploads/2022/06/Screenshot-2022-05-01-231128-768x635.jpg 768w, http://ag-theater.de/wp-content/uploads/2022/06/Screenshot-2022-05-01-231128.jpg 1222w" sizes="auto, (max-width: 1024px) 100vw, 1024px" /></a><figcaption class="wp-element-caption">Alice bei der Raupe</figcaption></figure>



<p></p>

<p>Rezension von Wolfgang Brüninghaus im Rahmen der Bayerischen Theatertage 2022 in Bayreuth (auch zu finden unter: https://www.paks-bayern.de/alicewunderland.html ) Bewerbungsvideo zu den 9. Bayerischen Theatertage in Bayreuth Vorstellungsvideo zu den Nürnberger Kulturtagen In diesem Jahr widmen sich die Schüler:innen der Theater AG der Grundschule Katzwang dem Themenkomplex Alice im Wunderland. Sie lesen einzelne Textsequenzen, beschäftigen sich [&hellip;]</p>
