{"id":577,"date":"2022-06-11T18:07:28","date_gmt":"2022-06-11T16:07:28","guid":{"rendered":"http:\/\/ag-theater.de\/?page_id=577"},"modified":"2025-10-05T21:40:47","modified_gmt":"2025-10-05T19:40:47","slug":"zu-meiner-person","status":"publish","type":"page","link":"http:\/\/ag-theater.de\/?page_id=577","title":{"rendered":"Zu meiner Person"},"content":{"rendered":"\n<p>Volker Berdich<\/p>\n\n\n\n<figure class=\"wp-block-image size-full is-resized\"><a href=\"http:\/\/ag-theater.de\/wp-content\/uploads\/2025\/10\/Portrait.jpg\"><img loading=\"lazy\" decoding=\"async\" width=\"396\" height=\"450\" src=\"http:\/\/ag-theater.de\/wp-content\/uploads\/2025\/10\/Portrait.jpg\" alt=\"\" class=\"wp-image-677\" style=\"width:209px;height:auto\" srcset=\"http:\/\/ag-theater.de\/wp-content\/uploads\/2025\/10\/Portrait.jpg 396w, http:\/\/ag-theater.de\/wp-content\/uploads\/2025\/10\/Portrait-264x300.jpg 264w\" sizes=\"auto, (max-width: 396px) 100vw, 396px\" \/><\/a><\/figure>\n\n\n\n<p>Email: volker.berdich@schulen.nuernberg.de<br><\/p>\n\n\n\n<p>1998                     Abitur am Dietrich-Bonhoeffer-Gymnasium Oberasbach<\/p>\n\n\n\n<p>2001                     Studium f\u00fcr Lehramt an Grundschulen <br>                                 (Hauptfach Chemie, Kunstdidaktik) in N\u00fcrnberg<\/p>\n\n\n\n<p>2001 bis 2017 Mitwirkung in diversen Theaterproduktionen<br><br>2005                      1.Staatsexamen Lehramt f\u00fcr Grundschulen<\/p>\n\n\n\n<p>2006                      Staatsexamen im Erweiterungsfach Darstellendes Spiel <br>                                  (Theaterlehrer)<\/p>\n\n\n\n<p>2008                       2. Staatsexamen Lehramt f\u00fcr Grundschulen<\/p>\n\n\n\n<p>Seit 2010             Mitglied im P\u00e4dagogischen Arbeitskreis Schultheater (PAKS)<\/p>\n\n\n\n<p>Seit 2011             Multiplikator im Szenischen Lernen <\/p>\n\n\n\n<p>2013\/2014         Mitglied im Orga-Team der bayerischen Schultheatertage in Bad   <br>                                   Windsheim (Grund-, Mittel-, und F\u00f6rderschulen)<\/p>\n\n\n\n<p>2021-2023          Vorstand im Bundesverband Theater in Schulen (BVTS)<\/p>\n\n\n\n<p>Seit 2022               Kursleiter Theaterlehrerfortbildung an der Akademie in Dillingen <\/p>\n\n\n\n<p>2022\/2023          Fachberater Musik\/Theater (Schulamt N\u00fcrnberg)<\/p>\n\n\n\n<p>2024-2027          Koordinator des Pilotprojekts &#8222;Stark durch Theater&#8220; an der <br>                                    Grundschule Katzwang (ausgelobt durch das Kultusministerium)<\/p>\n\n\n\n<p>2024\/2025         Koordinator des Theaterprojekts &#8222;Theater macht Schule&#8220; <br>                                  (Ravensburger Verlag)<\/p>\n\n\n\n<p>2024\/2025        Mitglied im Orga-Team der regionalen Schultheatertage MFR <br>                                  (Grund-, Mittel-, und F\u00f6rderschulen)<\/p>\n\n\n\n<p>Seit 2024            Mitglied im Orga-Team Schultheater der L\u00e4nder 2027 <br>                                 (Bundeswettbewerb &#8211; schulart\u00fcbergreifend)<\/p>\n\n\n\n<p>ab 2026 Mitglied im Orga-Team der bayerischen Schultheatertage in <br> N\u00fcrnberg 2027 (Grund-, Mittel-, und F\u00f6rderschulen) <\/p>\n","protected":false},"excerpt":{"rendered":"<p>Volker Berdich Email: volker.berdich@schulen.nuernberg.de 1998 Abitur am Dietrich-Bonhoeffer-Gymnasium Oberasbach 2001 Studium f\u00fcr Lehramt an Grundschulen (Hauptfach Chemie, Kunstdidaktik) in N\u00fcrnberg 2001 bis 2017 Mitwirkung in diversen Theaterproduktionen 2005 1.Staatsexamen Lehramt f\u00fcr Grundschulen 2006 Staatsexamen im Erweiterungsfach Darstellendes Spiel (Theaterlehrer) 2008 2. Staatsexamen Lehramt f\u00fcr Grundschulen Seit 2010 Mitglied im P\u00e4dagogischen Arbeitskreis Schultheater (PAKS) Seit 2011 [&hellip;]<\/p>\n","protected":false},"author":1,"featured_media":0,"parent":0,"menu_order":0,"comment_status":"closed","ping_status":"closed","template":"","meta":{"footnotes":""},"class_list":["post-577","page","type-page","status-publish","hentry","post-preview"],"_links":{"self":[{"href":"http:\/\/ag-theater.de\/index.php?rest_route=\/wp\/v2\/pages\/577","targetHints":{"allow":["GET"]}}],"collection":[{"href":"http:\/\/ag-theater.de\/index.php?rest_route=\/wp\/v2\/pages"}],"about":[{"href":"http:\/\/ag-theater.de\/index.php?rest_route=\/wp\/v2\/types\/page"}],"author":[{"embeddable":true,"href":"http:\/\/ag-theater.de\/index.php?rest_route=\/wp\/v2\/users\/1"}],"replies":[{"embeddable":true,"href":"http:\/\/ag-theater.de\/index.php?rest_route=%2Fwp%2Fv2%2Fcomments&post=577"}],"version-history":[{"count":6,"href":"http:\/\/ag-theater.de\/index.php?rest_route=\/wp\/v2\/pages\/577\/revisions"}],"predecessor-version":[{"id":679,"href":"http:\/\/ag-theater.de\/index.php?rest_route=\/wp\/v2\/pages\/577\/revisions\/679"}],"wp:attachment":[{"href":"http:\/\/ag-theater.de\/index.php?rest_route=%2Fwp%2Fv2%2Fmedia&parent=577"}],"curies":[{"name":"wp","href":"https:\/\/api.w.org\/{rel}","templated":true}]}}

<p>Volker Berdich</p>



<figure class="wp-block-image size-full is-resized"><a href="http://ag-theater.de/wp-content/uploads/2025/10/Portrait.jpg"><img loading="lazy" decoding="async" width="396" height="450" src="http://ag-theater.de/wp-content/uploads/2025/10/Portrait.jpg" alt="" class="wp-image-677" style="width:209px;height:auto" srcset="http://ag-theater.de/wp-content/uploads/2025/10/Portrait.jpg 396w, http://ag-theater.de/wp-content/uploads/2025/10/Portrait-264x300.jpg 264w" sizes="auto, (max-width: 396px) 100vw, 396px" /></a></figure>



<p>Email: volker.berdich@schulen.nuernberg.de<br></p>



<p>1998                     Abitur am Dietrich-Bonhoeffer-Gymnasium Oberasbach</p>



<p>2001                     Studium für Lehramt an Grundschulen <br>                                 (Hauptfach Chemie, Kunstdidaktik) in Nürnberg</p>



<p>2001 bis 2017 Mitwirkung in diversen Theaterproduktionen<br><br>2005                      1.Staatsexamen Lehramt für Grundschulen</p>



<p>2006                      Staatsexamen im Erweiterungsfach Darstellendes Spiel <br>                                  (Theaterlehrer)</p>



<p>2008                       2. Staatsexamen Lehramt für Grundschulen</p>



<p>Seit 2010             Mitglied im Pädagogischen Arbeitskreis Schultheater (PAKS)</p>



<p>Seit 2011             Multiplikator im Szenischen Lernen </p>



<p>2013/2014         Mitglied im Orga-Team der bayerischen Schultheatertage in Bad   <br>                                   Windsheim (Grund-, Mittel-, und Förderschulen)</p>



<p>2021-2023          Vorstand im Bundesverband Theater in Schulen (BVTS)</p>



<p>Seit 2022               Kursleiter Theaterlehrerfortbildung an der Akademie in Dillingen </p>



<p>2022/2023          Fachberater Musik/Theater (Schulamt Nürnberg)</p>



<p>2024-2027          Koordinator des Pilotprojekts &#8222;Stark durch Theater&#8220; an der <br>                                    Grundschule Katzwang (ausgelobt durch das Kultusministerium)</p>



<p>2024/2025         Koordinator des Theaterprojekts &#8222;Theater macht Schule&#8220; <br>                                  (Ravensburger Verlag)</p>



<p>2024/2025        Mitglied im Orga-Team der regionalen Schultheatertage MFR <br>                                  (Grund-, Mittel-, und Förderschulen)</p>



<p>Seit 2024            Mitglied im Orga-Team Schultheater der Länder 2027 <br>                                 (Bundeswettbewerb &#8211; schulartübergreifend)</p>



<p>ab 2026 Mitglied im Orga-Team der bayerischen Schultheatertage in <br> Nürnberg 2027 (Grund-, Mittel-, und Förderschulen) </p>

<p>Volker Berdich Email: volker.berdich@schulen.nuernberg.de 1998 Abitur am Dietrich-Bonhoeffer-Gymnasium Oberasbach 2001 Studium für Lehramt an Grundschulen (Hauptfach Chemie, Kunstdidaktik) in Nürnberg 2001 bis 2017 Mitwirkung in diversen Theaterproduktionen 2005 1.Staatsexamen Lehramt für Grundschulen 2006 Staatsexamen im Erweiterungsfach Darstellendes Spiel (Theaterlehrer) 2008 2. Staatsexamen Lehramt für Grundschulen Seit 2010 Mitglied im Pädagogischen Arbeitskreis Schultheater (PAKS) Seit 2011 [&hellip;]</p>
